{"id":23,"date":"2019-10-17T16:34:28","date_gmt":"2019-10-17T16:34:28","guid":{"rendered":"http:\/\/my-mini-spa.de\/?page_id=23"},"modified":"2024-08-20T12:36:52","modified_gmt":"2024-08-20T12:36:52","slug":"angebot","status":"publish","type":"page","link":"http:\/\/my-mini-spa.de\/?page_id=23","title":{"rendered":"Angebot"},"content":{"rendered":"\n<h4 class=\"wp-block-heading\">Folgende Leistungen bieten wir an:<br>(Preise ab 01.01.2023)<\/h4>\n\n\n\n<h4 class=\"wp-block-heading\"><strong>Nr. 1<\/strong><br><strong>Traditionelle vietnamesische<\/strong><br><strong>Ganzk\u00f6rper-Massage<\/strong><\/h4>\n\n\n\n<p>60 Min. 35\u20ac<br>90 Min. 55\u20ac<\/p>\n\n\n\n<h4 class=\"wp-block-heading\"><strong>Nr. <\/strong>2<br><strong>Hot-Stone-Massage<\/strong><\/h4>\n\n\n\n<p>60 Min. 50\u20ac<br>90 Min. 75\u20ac<\/p>\n\n\n\n<h4 class=\"wp-block-heading\"><strong>Nr. <\/strong>3<br><strong>R\u00fccken-Massage<\/strong><\/h4>\n\n\n\n<p>30 Min. 25\u20ac<br>60 Min. 40\u20ac<br>90 Min. 65\u20ac<\/p>\n\n\n\n<h4 class=\"wp-block-heading\"><strong>Nr. <\/strong>4<br><strong>Aroma-\u00d6l-Massage<\/strong><\/h4>\n\n\n\n<p>60 Min. 45\u20ac<br>90 Min. 65\u20ac<\/p>\n\n\n\n<h4 class=\"wp-block-heading\"><strong>Nr. <\/strong>5<br><strong>Gesichts-Massage<\/strong><\/h4>\n\n\n\n<p>30 Min. 30\u20ac<\/p>\n\n\n\n<h4 class=\"wp-block-heading\"><strong>Nr. <\/strong>6<br><strong>Fu\u00df-Massage<\/strong><\/h4>\n\n\n\n<p>Die Fu\u00dfmassage beginnt mit einem Aroma-Fu\u00dfbad.<br>Danach erfolgt eine Fu\u00df-Massage.<br>Die F\u00fc\u00dfe sind die am meisten beanspruchten K\u00f6rperteile.<br>Durch die Massage stellt sich die Entspannung f\u00fcr den ganzen K\u00f6rper ein.<\/p>\n\n\n\n<p>30 Min. 30\u20ac<br>60 Min. 50\u20ac<\/p>\n\n\n\n<figure class=\"wp-block-image\"><img loading=\"lazy\" decoding=\"async\" width=\"768\" height=\"1024\" src=\"http:\/\/my-mini-spa.de\/wp-content\/uploads\/2019\/10\/IMG_5818-1-e1571338305704-768x1024.jpg\" alt=\"\" class=\"wp-image-61\" srcset=\"http:\/\/my-mini-spa.de\/wp-content\/uploads\/2019\/10\/IMG_5818-1-e1571338305704-768x1024.jpg 768w, http:\/\/my-mini-spa.de\/wp-content\/uploads\/2019\/10\/IMG_5818-1-e1571338305704-225x300.jpg 225w\" sizes=\"auto, (max-width: 768px) 100vw, 768px\" \/><\/figure>\n","protected":false},"excerpt":{"rendered":"<p>Folgende Leistungen bieten wir an:(Preise ab 01.01.2023) Nr. 1Traditionelle vietnamesischeGanzk\u00f6rper-Massage 60 Min. 35\u20ac90 Min. 55\u20ac Nr. 2Hot-Stone-Massage 60 Min. 50\u20ac90<\/p>\n","protected":false},"author":1,"featured_media":0,"parent":0,"menu_order":0,"comment_status":"closed","ping_status":"closed","template":"","meta":{"footnotes":""},"class_list":["post-23","page","type-page","status-publish","hentry"],"_links":{"self":[{"href":"http:\/\/my-mini-spa.de\/index.php?rest_route=\/wp\/v2\/pages\/23","targetHints":{"allow":["GET"]}}],"collection":[{"href":"http:\/\/my-mini-spa.de\/index.php?rest_route=\/wp\/v2\/pages"}],"about":[{"href":"http:\/\/my-mini-spa.de\/index.php?rest_route=\/wp\/v2\/types\/page"}],"author":[{"embeddable":true,"href":"http:\/\/my-mini-spa.de\/index.php?rest_route=\/wp\/v2\/users\/1"}],"replies":[{"embeddable":true,"href":"http:\/\/my-mini-spa.de\/index.php?rest_route=%2Fwp%2Fv2%2Fcomments&post=23"}],"version-history":[{"count":16,"href":"http:\/\/my-mini-spa.de\/index.php?rest_route=\/wp\/v2\/pages\/23\/revisions"}],"predecessor-version":[{"id":194,"href":"http:\/\/my-mini-spa.de\/index.php?rest_route=\/wp\/v2\/pages\/23\/revisions\/194"}],"wp:attachment":[{"href":"http:\/\/my-mini-spa.de\/index.php?rest_route=%2Fwp%2Fv2%2Fmedia&parent=23"}],"curies":[{"name":"wp","href":"https:\/\/api.w.org\/{rel}","templated":true}]}}